of 20891.
13, 1607
List the prime factors of 786.
2, 3, 131
List the prime factors of 95885.
5, 127, 151
What are the prime factors of 64353?
3, 19, 1129
List the prime factors of 37534.
2, 7, 383
List the prime factors of 84987.
3, 7, 19, 71
List the prime factors of 84466.
2, 157, 269
What are the prime factors of 1752?
2, 3, 73
What are the prime factors of 67917?
3, 22639
List the prime factors of 3279.
3, 1093
List the prime factors of 27348.
2, 3, 43, 53
What are the prime factors of 519?
3, 173
List the prime factors of 82118.
2, 19, 2161
What are the prime factors of 111373?
111373
List the prime factors of 107941.
107941
List the prime factors of 465.
3, 5, 31
List the prime factors of 15027.
3, 5009
List the prime factors of 497.
7, 71
List the prime factors of 870.
2, 3, 5, 29
List the prime factors of 1870.
2, 5, 11, 17
List the prime factors of 4121.
13, 317
What are the prime factors of 858?
2, 3, 11, 13
List the prime factors of 789.
3, 263
List the prime factors of 2752.
2, 43
What are the prime factors of 1022?
2, 7, 73
What are the prime factors of 5730?
2, 3, 5, 191
List the prime factors of 1420.
2, 5, 71
What are the prime factors of 2784?
2, 3, 29
List the prime factors of 5603.
13, 431
List the prime factors of 2483.
13, 191
What are the prime factors of 10218?
2, 3, 13, 131
What are the prime factors of 3885?
3, 5, 7, 37
List the prime factors of 306.
2, 3, 17
What are the prime factors of 21696?
2, 3, 113
List the prime factors of 139.
139
What are the prime factors of 49136?
2, 37, 83
List the prime factors of 80939.
29, 2791
What are the prime factors of 31716?
2, 3, 881
List the prime factors of 1622.
2, 811
List the prime factors of 2473.
2473
What are the prime factors of 557?
557
List the prime factors of 89806.
2, 83, 541
What are the prime factors of 1744?
2, 109
List the prime factors of 1791.
3, 199
What are the prime factors of 1002?
2, 3, 167
List the prime factors of 1333.
31, 43
What are the prime factors of 38591?
7, 37, 149
What are the prime factors of 207?
3, 23
List the prime factors of 671.
11, 61
What are the prime factors of 519?
3, 173
List the prime factors of 15761.
15761
What are the prime factors of 9062?
2, 23, 197
List the prime factors of 140.
2, 5, 7
List the prime factors of 4057.
4057
List the prime factors of 13364.
2, 13, 257
List the prime factors of 56880.
2, 3, 5, 79
List the prime factors of 12631.
17, 743
What are the prime factors of 78495?
3, 5, 5233
What are the prime factors of 26365?
5, 5273
List the prime factors of 3851.
3851
What are the prime factors of 3456?
2, 3
What are the prime factors of 25939?
25939
List the prime factors of 3497.
13, 269
List the prime factors of 3876.
2, 3, 17, 19
List the prime factors of 33413.
33413
What are the prime factors of 25749?
3, 2861
What are the prime factors of 1110?
2, 3, 5, 37
What are the prime factors of 5818?
2, 2909
List the prime factors of 3491.
3491
What are the prime factors of 27943?
27943
List the prime factors of 2164.
2, 541
What are the prime factors of 50?
2, 5
List the prime factors of 291.
3, 97
What are the prime factors of 4760?
2, 5, 7, 17
What are the prime factors of 416?
2, 13
List the prime factors of 935.
5, 11, 17
List the prime factors of 72.
2, 3
List the prime factors of 20502.
2, 3, 17, 67
List the prime factors of 39467.
61, 647
List the prime factors of 90455.
5, 79, 229
What are the prime factors of 1765?
5, 353
What are the prime factors of 26715?
3, 5, 13, 137
List the prime factors of 8830.
2, 5, 883
What are the prime factors of 1087?
1087
List the prime factors of 20385.
3, 5, 151
List the prime factors of 887.
887
List the prime factors of 360.
2, 3, 5
List the prime factors of 85472.
2, 2671
List the prime factors of 3436.
2, 859
List the prime factors of 17530.
2, 5, 1753
What are the prime factors of 119135?
5, 23827
What are the prime factors of 4255?
5, 23, 37
List the prime factors of 822.
2, 3, 137
What are the prime factors of 4309?
31, 139
What are the prime factors of 3624?
2, 3, 151
What are the prime factors of 20686?
2, 10343
List the prime factors of 2385.
3, 5, 53
What are the prime factors of 82498?
2, 13, 19, 167
List the prime factors of 398.
2, 199
What are the prime factors of 756?
2, 3, 7
List the prime factors of 7132.
2, 1783
List the prime factors of 2431.
11, 13, 17
What are the prime factors of 93891?
3, 7, 17, 263
List the prime factors of 13728.
2, 3, 11, 13
What are the prime factors of 1790?
2, 5, 179
List the prime factors of 147.
3, 7
What are the prime factors of 19299?
3, 7, 919
What are the prime factors of 994?
2, 7, 71
What are the prime factors of 16191?
3, 7, 257
What are the prime factors of 499?
499
List the prime factors of 71.
71
List the prime factors of 1601.
1601
What are the prime factors of 39271?
173, 227
What are the prime factors of 34864?
2, 2179
What are the prime factors of 1170?
2, 3, 5, 13
What are the prime factors of 4398?
2, 3, 733
List the prime factors of 9370.
2, 5, 937
What are the prime factors of 22700?
2, 5, 227
List the prime factors of 8546.
2, 4273
What are the prime factors of 1367?
1367
What are the prime factors of 15455?
5, 11, 281
What are the prime factors of 7761?
3, 13, 199
List the prime factors of 168165.
3, 5, 37, 101
List the prime factors of 1070.
2, 5, 107
What are the prime factors of 292?
2, 73
List the prime factors of 235.
5, 47
What are the prime factors of 6577?
6577
List the prime factors of 41160.
2, 3, 5, 7
What are the prime factors of 87179?
87179
List the prime factors of 20027.
7, 2861
What are the prime factors of 6835?
5, 1367
List the prime factors of 150002.
2, 179, 419
What are the prime factors of 4549?
4549
What are the prime factors of 1776?
2, 3, 37
What are the prime factors of 5724?
2, 3, 53
List the prime factors of 3254.
2, 1627
List the prime factors of 149440.
2, 5, 467
What are the prime factors of 553?
7, 79
What are the prime factors of 20475?
3, 5, 7, 13
List the prime factors of 3206.
2, 7, 229
List the prime factors of 2227.
17, 131
What are the prime factors of 34509?
3, 11503
List the prime factors of 1139.
17, 67
What are the prime factors of 977?
977
List the prime factors of 2076.
2, 3, 173
List the prime factors of 1508.
2, 13, 29
What are the prime factors of 3887?
13, 23
List the prime factors of 32824.
2, 11, 373
List the prime factors of 106101.
3, 11789
List the prime factors of 12285.
3, 5, 7, 13
List the prime factors of 1994.
2, 997
What are the prime factors of 61883?
19, 3257
What are the prime factors of 1006?
2, 503
What are the prime factors of 35445?
3, 5, 17, 139
List the prime factors of 4083.
3, 1361
List the prime factors of 5630.
2, 5, 563
What are the prime factors of 1241?
17, 73
What are the prime factors of 17645?
5, 3529
List the prime factors of 19395.
3, 5, 431
List the prime factors of 106789.
23, 4643
What are the prime factors of 16383?
3, 43, 127
List the prime factors of 853.
853
What are the prime factors of 29584?
2, 43
What are the prime factors of 1223?
1223
What are the prime factors of 892?
2, 223
What are the prime factors of 1590?
2, 3, 5, 53
What are the prime factors of 1308?
2, 3, 109
List the prime factors of 14331.
3, 17, 281
What are the prime factors of 14691?
3, 59, 83
List the prime factors of 8502.
2, 3, 13, 109
What are the prime factors of 4181?
37, 113
List the prime factors of 821.
821
What are the prime factors of 16172?
2, 13, 311
List the prime factors of 32229.
3, 3581
List the prime factors of 1435.
5, 7, 41
What are the prime factors of 9305?
5, 1861
What are the prime factors of 2887?
2887
List the prime factors of 2757.
3, 919
List the prime factors of 3871.
7, 79
List the prime factors of 84154.
2, 7, 6011
List the prime factors of 2402.
2, 1201
List the prime factors of 901.
17, 53
What are the prime factors of 94907?
94907
What are the prime factors of 58299?
3, 19433
What are the prime factors of 540?
2, 3, 5
List the prime factors of 58013.
58013
List the prime factors of 2528.
2, 79
List the prime factors of 1159.
19, 61
What are the prime factors of 40201?
7, 5743
List the prime factors of 3219.
3, 29, 37
What are the prime factors of 1782?
2, 3, 11
What are the prime factors of 64560?
2, 3, 5, 269
